{"id":768,"date":"2018-07-26T14:05:47","date_gmt":"2018-07-26T17:05:47","guid":{"rendered":"https:\/\/dalmacio-cba.infd.edu.ar\/sitio\/?page_id=768"},"modified":"2025-02-26T22:06:59","modified_gmt":"2025-02-27T01:06:59","slug":"docentes","status":"publish","type":"page","link":"https:\/\/dalmacio-cba.infd.edu.ar\/sitio\/docentes\/","title":{"rendered":"Docentes"},"content":{"rendered":"\n<p><strong>1\u00ba Jornada de Formaci\u00f3n Situada <\/strong><\/p>\n\n\n<header class=\"entry-header\">\n<h4 class=\"entry-title\"><\/h4>\n<p>El pasado lunes 17 de febrero se llev\u00f3 a cabo el primer encuentro de Formaci\u00f3n Situada propuesto por el Ministerio de Educaci\u00f3n de la provincia de C\u00f3rdoba.<\/p>\n<h4 class=\"entry-title\"> <\/h4>\n<p>Particip\u00f3 el equipo administrativo y docente, en una jornada de revisi\u00f3n y reflexi\u00f3n para dar inicio al ciclo lectivo 2025.<\/p>\n<h4 class=\"entry-title\"> <\/h4>\n<p><strong>Taller: <em>\u201cAula virtual: \u00bfcomunidad de aprendizaje o repositorio de informaci\u00f3n? \u00ab<\/em><\/strong><\/p>\n<h4 class=\"entry-title\"> <\/h4>\n<p>La segunda parte estuvo a cargo de la Lic. Geraldina Caron, quien capacit\u00f3 a las docentes para el uso de la nueva plataforma con el objetivo de repensar la Modalidad Combinada en el Nivel Superior, incorporando nuevos enfoques con la utilizaci\u00f3n del E-Learning<\/p>\n<h4 class=\"entry-title\"><\/h4>\n<\/header>\n<div class=\"entry-content\">\n<p style=\"padding-left: 30px;\">\u00a0<\/p>\n<\/div>\n\n\n<figure class=\"wp-block-gallery has-nested-images columns-default is-cropped wp-block-gallery-1 is-layout-flex\">\n<figure class=\"wp-block-image size-large\"><img decoding=\"async\" loading=\"lazy\" width=\"720\" height=\"572\" data-id=\"950\"  src=\"https:\/\/dalmacio-cba.infd.edu.ar\/sitio\/wp-content\/uploads\/2025\/02\/WhatsApp-Image-2025-02-26-at-21.55.50-2.jpeg\" alt=\"\" class=\"wp-image-950\"\/><\/figure>\n<\/figure>\n","protected":false},"excerpt":{"rendered":"<p>1\u00ba Jornada de Formaci\u00f3n Situada El pasado lunes 17 de febrero se llev\u00f3 a cabo el primer encuentro de Formaci\u00f3n Situada propuesto por el Ministerio de Educaci\u00f3n de la provincia de C\u00f3rdoba. Particip\u00f3 el equipo administrativo y docente, en una jornada de revisi\u00f3n y reflexi\u00f3n para dar inicio al ciclo lectivo 2025. Taller: \u201cAula virtual: &#8230; <a title=\"Docentes\" class=\"read-more\" href=\"https:\/\/dalmacio-cba.infd.edu.ar\/sitio\/docentes\/\" aria-label=\"More on Docentes\">[+]<\/a><\/p>\n","protected":false},"author":6,"featured_media":0,"parent":0,"menu_order":0,"comment_status":"closed","ping_status":"closed","template":"","meta":[],"acf":[],"_links":{"self":[{"href":"https:\/\/dalmacio-cba.infd.edu.ar\/sitio\/wp-json\/wp\/v2\/pages\/768"}],"collection":[{"href":"https:\/\/dalmacio-cba.infd.edu.ar\/sitio\/wp-json\/wp\/v2\/pages"}],"about":[{"href":"https:\/\/dalmacio-cba.infd.edu.ar\/sitio\/wp-json\/wp\/v2\/types\/page"}],"author":[{"embeddable":true,"href":"https:\/\/dalmacio-cba.infd.edu.ar\/sitio\/wp-json\/wp\/v2\/users\/6"}],"replies":[{"embeddable":true,"href":"https:\/\/dalmacio-cba.infd.edu.ar\/sitio\/wp-json\/wp\/v2\/comments?post=768"}],"version-history":[{"count":5,"href":"https:\/\/dalmacio-cba.infd.edu.ar\/sitio\/wp-json\/wp\/v2\/pages\/768\/revisions"}],"predecessor-version":[{"id":951,"href":"https:\/\/dalmacio-cba.infd.edu.ar\/sitio\/wp-json\/wp\/v2\/pages\/768\/revisions\/951"}],"wp:attachment":[{"href":"https:\/\/dalmacio-cba.infd.edu.ar\/sitio\/wp-json\/wp\/v2\/media?parent=768"}],"curies":[{"name":"wp","href":"https:\/\/api.w.org\/{rel}","templated":true}]}}